{"id":37,"date":"2019-08-02T17:39:19","date_gmt":"2019-08-02T15:39:19","guid":{"rendered":"http:\/\/josemiguelgaona.com\/?page_id=37"},"modified":"2021-03-29T00:12:26","modified_gmt":"2021-03-28T22:12:26","slug":"perfil-profesional","status":"publish","type":"page","link":"https:\/\/josemiguelgaona.com\/index.php\/perfil-profesional\/","title":{"rendered":"Perfil profesional"},"content":{"rendered":"\n<p><strong>Jos\u00e9 Miguel Gaona Cartolano <\/strong>naci\u00f3 en Bruselas.  Licenciado en Medicina con <em>Sobresaliente<\/em>. Doctor en Medicina (<em>cum laude<\/em>) en la rama de Psiquiatr\u00eda por la  Universidad Complutense de Madrid, es m\u00e1ster en Psicolog\u00eda M\u00e9dica y  especialista en Psiquiatr\u00eda Forense.<\/p>\n\n\n\n<p>Ha sido profesor en la C\u00e1tedra de psiquiatr\u00eda de la Facultad de Medicina. Universidad Complutense de Madrid.<\/p>\n\n\n\n<p>Especialista en T\u00e9cnicas no invasivas de estimulaci\u00f3n cerebral por la Universidad de Harvard (Berenson-Allen Hospital. Boston)<\/p>\n\n\n\n<p>Premio J\u00f3venes Investigadores de la Comunidad de Madrid y miembro de  la Asociaci\u00f3n Europea de Psiquiatr\u00eda (AEP)<\/p>\n\n\n\n<p>Profesor Honorario de la Facultad de Medicina. Universidad Rey Juan Carlos.<\/p>\n\n\n\n<p>Profesor visitante (&#8220;Visiting Professor&#8221;) anualmente en la Laurentian University en Sudbury (Ontario, Canad\u00e1) uno de los templos de estudio de la consciencia a nivel mundial con el Prof. Michael Persinger.<\/p>\n\n\n\n<p>Director de la revista <em>Educar bien. Ni\u00f1os<\/em>.<\/p>\n\n\n\n<p>Ha sido asesor t\u00e9cnico del Defensor del Menor de la Comunidad de Madrid.<\/p>\n\n\n\n<p>Responsable del \u00e1rea de salud mental en la guerra de Bosnia para la ONG  M\u00e9dicos del Mundo bajo paraguas de ACNUR (Alto Comisionado de las Naciones Unidas para Refugiados).<\/p>\n\n\n\n<p>Miembro del Comit\u00e9 de Honor de la Fundaci\u00f3n  Altarriba\u00a0 de protecci\u00f3n animal, entre cuyos miembros se encuentran  personalidades tan destacadas como el Premio Nobel Jos\u00e9 Saramago, Josep Carreras o  Eduard Punset, entre otros.<\/p>\n\n\n\n<p>En los \u00faltimos a\u00f1os ha trabajado en el campo de la neuroteolog\u00eda,  ciencia que estudia los fen\u00f3menos m\u00edsticos y espirituales desde una  perspectiva neurol\u00f3gica. En esta l\u00ednea, dirige el Proyecto T\u00fanel (Facebook), un  sitio de encuentro para miles de personas que han sufrido experiencias cercanas a  la muerte (ECM) y que desean compartir dichas experiencias o abordarlas  desde un punto de vista terap\u00e9utico.<\/p>\n\n\n\n<p>Ha sido uno de los pocos profesionales de salud mental a nivel mundial que ha sido autorizado a participar en los cursos dedicados a sacerdotes cat\u00f3licos  exorcistas realizados en el  Ateneo Pontificio Regina Apostolorum de Roma.<\/p>\n\n\n\n<p>Ha sido uno de los directores de IANDS Espa\u00f1a  (International Association of Near-Death Studies) y participa en  trabajos en el campo de las ECM junto con el Dr. Bruce Greyson de la  Unidad de Estudios Perceptuales de la Universidad de Virginia Occidental  y la Dra. Holden de la North Texas University.<\/p>\n\n\n\n<p>Es autor de los libros <em>El s\u00edndrome de Eva<\/em> y <em>Endorfinas, las hormonas de la felicidad,<\/em> y uno de los coautores de <em>Ser adolescente no es f\u00e1cil<\/em>, as\u00ed como <em>Al otro lado del t\u00fanel<\/em> (N\u00ba1 en ventas en Espa\u00f1a y varios pa\u00edses de Hispanoam\u00e9rica) y <em>El l\u00edmite<\/em> todos ellos publicados por La Esfera de los libros.<\/p>\n\n\n\n<p>Los dos \u00faltimos libros versan sobre la consciencia y su implicaci\u00f3n en complejos procesos relacionados, entre otros, con experiencias cercanas a la muerte (ECM), experiencias extracorp\u00f3reas (EEC) y multitud de fen\u00f3menos que actualmente son considerados paranormales pero que presentan profundas raices neurol\u00f3gicas.<\/p>\n\n\n\n<p>Ha intervenido como psiquiatra forense en la valoraci\u00f3n forense de  personas involucradas en algunos de los mayores casos criminales de Espa\u00f1a: Caso Jos\u00e9 Bret\u00f3n as\u00ed como el de Patrick Nogueira (asesino de Pioz) entre muchos otros. En este \u00faltimo se introdujo por primera en Espa\u00f1a la valoraci\u00f3n y correspondencia entre estructuras neurol\u00f3gicas y merma de capacidades cognitivas y volitivas mediante la utilizaci\u00f3n de PET (Tomograf\u00eda por emisi\u00f3n de Positrones) en la que el propio Tribunal Supremo afirma: &#8220;Hoy asistimos a lo que con acierto se ha llamado una \u201crevoluci\u00f3n neurocient\u00edfica\u201d &#8220;<\/p>\n\n\n\n<p>Ha realizado los cursos y diplomado en t\u00e9cnicas antiterroristas, particularmente a nivel psicol\u00f3gico. (No se menciona lugar por discreci\u00f3n y seguridad).<\/p>\n\n\n\n<p>Diplomado en Teolog\u00eda por la Universidad de Navarra con objeto de conocer m\u00e1s en profundidad la simbolog\u00eda cristiana y sus correlatos culturales as\u00ed como sus ra\u00edces neurol\u00f3gicas y su relaci\u00f3n con la expresi\u00f3n espiritual.<\/p>\n\n\n\n<p><\/p>\n","protected":false},"excerpt":{"rendered":"<p>Jos\u00e9 Miguel Gaona Cartolano naci\u00f3 en Bruselas. Licenciado en Medicina con Sobresaliente. Doctor en Medicina (cum laude) en la rama de Psiquiatr\u00eda por la Universidad Complutense de Madrid, es m\u00e1ster en Psicolog\u00eda M\u00e9dica y especialista en Psiquiatr\u00eda Forense. Ha sido profesor en la C\u00e1tedra de psiquiatr\u00eda de la Facultad de Medicina. Universidad Complutense de Madrid. Especialista en T\u00e9cnicas no invasivas de estimulaci\u00f3n cerebral por la Universidad de Harvard (Berenson-Allen Hospital.<\/p>\n<div class=\"read-more\"><a class=\"btn read-more-btn\" href=\"https:\/\/josemiguelgaona.com\/index.php\/perfil-profesional\/\">Read More<\/a><\/div>\n","protected":false},"author":1,"featured_media":0,"parent":0,"menu_order":0,"comment_status":"closed","ping_status":"closed","template":"","meta":{"footnotes":""},"class_list":["post-37","page","type-page","status-publish","hentry"],"_links":{"self":[{"href":"https:\/\/josemiguelgaona.com\/index.php\/wp-json\/wp\/v2\/pages\/37","targetHints":{"allow":["GET"]}}],"collection":[{"href":"https:\/\/josemiguelgaona.com\/index.php\/wp-json\/wp\/v2\/pages"}],"about":[{"href":"https:\/\/josemiguelgaona.com\/index.php\/wp-json\/wp\/v2\/types\/page"}],"author":[{"embeddable":true,"href":"https:\/\/josemiguelgaona.com\/index.php\/wp-json\/wp\/v2\/users\/1"}],"replies":[{"embeddable":true,"href":"https:\/\/josemiguelgaona.com\/index.php\/wp-json\/wp\/v2\/comments?post=37"}],"version-history":[{"count":20,"href":"https:\/\/josemiguelgaona.com\/index.php\/wp-json\/wp\/v2\/pages\/37\/revisions"}],"predecessor-version":[{"id":301,"href":"https:\/\/josemiguelgaona.com\/index.php\/wp-json\/wp\/v2\/pages\/37\/revisions\/301"}],"wp:attachment":[{"href":"https:\/\/josemiguelgaona.com\/index.php\/wp-json\/wp\/v2\/media?parent=37"}],"curies":[{"name":"wp","href":"https:\/\/api.w.org\/{rel}","templated":true}]}}